{"id":754,"date":"2015-08-13T06:33:39","date_gmt":"2015-08-13T06:33:39","guid":{"rendered":"http:\/\/jornalismo.ufsj.edu.br\/?page_id=754"},"modified":"2018-10-15T00:53:09","modified_gmt":"2018-10-15T03:53:09","slug":"telejornalismo","status":"publish","type":"page","link":"http:\/\/jornalismo.ufsj.edu.br\/site\/telejornalismo\/","title":{"rendered":"Telejornalismo"},"content":{"rendered":"<p><img loading=\"lazy\" class=\"alignnone size-full wp-image-4489\" src=\"http:\/\/jornalismo.ufsj.edu.br\/wp-content\/uploads\/2015\/08\/lab-tv.jpg\" alt=\"Lab TV\" width=\"2048\" height=\"1052\" \/><\/p>\n<p style=\"text-align: justify;\">O Laborat\u00f3rio de Telejornalismo \u00e9 destinado a oferecer condi\u00e7\u00f5es para o ensino e a aprendizagem das t\u00e9cnicas de produ\u00e7\u00e3o de v\u00eddeo para o Curso de Comunica\u00e7\u00e3o Social &#8211; Jornalismo. Este laborat\u00f3rio \u00e9 gerenciado pela Coordenadoria do Curso e est\u00e1 habilitado para os seguintes servi\u00e7os t\u00e9cnicos: capta\u00e7\u00e3o de material audiovisual (imagens e sons) com equipamento digital em loca\u00e7\u00e3o interna (est\u00fadio); edi\u00e7\u00e3o de audiovisual em ilha digital; montagem de estruturas de ilumina\u00e7\u00e3o para v\u00eddeo em est\u00fadio; duplica\u00e7\u00e3o e decupagem (em unidade pr\u00f3pria) de material audiovisual.<br \/>\n<strong><br \/>\n<\/strong> <strong>Local<\/strong>: sala 2.24 RE \u2013 Campus CTAN\/UFSJ<\/p>\n<p style=\"text-align: justify;\"><strong>Hor\u00e1rio de atendimento externo<\/strong>: Segunda \u00e0 Sexta, de 14h \u00e0s 19h.<br \/>\n<strong>T\u00e9cnico Respons\u00e1vel: <\/strong>Paulo Sergio Teixeira Rodrigues<br \/>\n<strong>Email:\u00a0<\/strong>pst885@ufsj.edu.br<\/p>\n<p style=\"text-align: justify;\">As solicita\u00e7\u00f5es para uso de equipamentos port\u00e1teis do Laborat\u00f3rio Multim\u00eddia devem ser feitas atrav\u00e9s de\u00a0<strong><a href=\"https:\/\/docs.google.com\/document\/d\/1qdg8wy5klNuVBXd1vrEMZEHECb34McXpKtQVxldvT1s\/edit?usp=sharing\">Termo de Empr\u00e9stimo<\/a><\/strong>, que deve ser assinado pelo professor orientador da atividade. Ao retornar o equipamento, deve ser preenchido o\u00a0<strong><a href=\"https:\/\/docs.google.com\/document\/d\/1tMuKFav0oA3kkLdIfyuTNWsSh10PupyanDUg3_-F0C8\/edit?usp=sharing\">Termo de Devolu\u00e7\u00e3o<\/a><\/strong>. Para mais informa\u00e7\u00f5es sobre empr\u00e9stimo de equipamentos, normas de uso e t\u00e9cnicas, acesse o\u00a0<strong><a href=\"https:\/\/docs.google.com\/document\/d\/1Qe4ibLL9le-2m6YoSDm4n7fC8UvnIEj0bCVwGUvXEcs\/edit?usp=sharing\">Regulamento do Laborat\u00f3rio e Est\u00fadio de TV<\/a><\/strong>\u00a0e o\u00a0<strong><a href=\"https:\/\/docs.google.com\/document\/d\/1Bf2r-QWywhBYpn-KDjTUidjNkHL4gEvNlAIDd97Rb5U\/edit?usp=sharing\">Regulamento Geral dos Laborat\u00f3rios<\/a><\/strong>\u00a0do curso de Comunica\u00e7\u00e3o Social &#8211; Jornalismo.<\/p>\n","protected":false},"excerpt":{"rendered":"<p>O Laborat\u00f3rio de Telejornalismo \u00e9 destinado a oferecer condi\u00e7\u00f5es para o ensino e a aprendizagem das t\u00e9cnicas de produ\u00e7\u00e3o de v\u00eddeo para o Curso de Comunica\u00e7\u00e3o Social &#8211; Jornalismo. Este laborat\u00f3rio \u00e9 gerenciado pela Coordenadoria do Curso e est\u00e1 habilitado&#8230;<\/p>\n","protected":false},"author":3,"featured_media":0,"parent":0,"menu_order":0,"comment_status":"open","ping_status":"open","template":"","meta":{"_monsterinsights_skip_tracking":false,"_monsterinsights_sitenote_active":false,"_monsterinsights_sitenote_note":"","_monsterinsights_sitenote_category":0},"yoast_head":"<!-- This site is optimized with the Yoast SEO plugin v20.6 - https:\/\/yoast.com\/wordpress\/plugins\/seo\/ -->\n<title>Telejornalismo - Jornalismo UFSJ<\/title>\n<meta name=\"robots\" content=\"index, follow, max-snippet:-1, max-image-preview:large, max-video-preview:-1\" \/>\n<link rel=\"canonical\" href=\"http:\/\/jornalismo.ufsj.edu.br\/site\/telejornalismo\/\" \/>\n<meta property=\"og:locale\" content=\"pt_BR\" \/>\n<meta property=\"og:type\" content=\"article\" \/>\n<meta property=\"og:title\" content=\"Telejornalismo - Jornalismo UFSJ\" \/>\n<meta property=\"og:description\" content=\"O Laborat\u00f3rio de Telejornalismo \u00e9 destinado a oferecer condi\u00e7\u00f5es para o ensino e a aprendizagem das t\u00e9cnicas de produ\u00e7\u00e3o de v\u00eddeo para o Curso de Comunica\u00e7\u00e3o Social &#8211; Jornalismo. Este laborat\u00f3rio \u00e9 gerenciado pela Coordenadoria do Curso e est\u00e1 habilitado...\" \/>\n<meta property=\"og:url\" content=\"http:\/\/jornalismo.ufsj.edu.br\/site\/telejornalismo\/\" \/>\n<meta property=\"og:site_name\" content=\"Jornalismo UFSJ\" \/>\n<meta property=\"article:publisher\" content=\"https:\/\/www.facebook.com\/jornalismoufsj\/\" \/>\n<meta property=\"article:modified_time\" content=\"2018-10-15T03:53:09+00:00\" \/>\n<meta property=\"og:image\" content=\"http:\/\/jornalismo.ufsj.edu.br\/wp-content\/uploads\/2015\/08\/lab-tv.jpg\" \/>\n<meta name=\"twitter:card\" content=\"summary_large_image\" \/>\n<meta name=\"twitter:site\" content=\"@jornalismoufsj\" \/>\n<meta name=\"twitter:label1\" content=\"Est. tempo de leitura\" \/>\n\t<meta name=\"twitter:data1\" content=\"1 minuto\" \/>\n<script type=\"application\/ld+json\" class=\"yoast-schema-graph\">{\"@context\":\"https:\/\/schema.org\",\"@graph\":[{\"@type\":\"WebPage\",\"@id\":\"http:\/\/jornalismo.ufsj.edu.br\/site\/telejornalismo\/\",\"url\":\"http:\/\/jornalismo.ufsj.edu.br\/site\/telejornalismo\/\",\"name\":\"Telejornalismo - Jornalismo UFSJ\",\"isPartOf\":{\"@id\":\"http:\/\/jornalismo.ufsj.edu.br\/site\/#website\"},\"datePublished\":\"2015-08-13T06:33:39+00:00\",\"dateModified\":\"2018-10-15T03:53:09+00:00\",\"breadcrumb\":{\"@id\":\"http:\/\/jornalismo.ufsj.edu.br\/site\/telejornalismo\/#breadcrumb\"},\"inLanguage\":\"pt-BR\",\"potentialAction\":[{\"@type\":\"ReadAction\",\"target\":[\"http:\/\/jornalismo.ufsj.edu.br\/site\/telejornalismo\/\"]}]},{\"@type\":\"BreadcrumbList\",\"@id\":\"http:\/\/jornalismo.ufsj.edu.br\/site\/telejornalismo\/#breadcrumb\",\"itemListElement\":[{\"@type\":\"ListItem\",\"position\":1,\"name\":\"In\u00edcio\",\"item\":\"http:\/\/jornalismo.ufsj.edu.br\/site\/\"},{\"@type\":\"ListItem\",\"position\":2,\"name\":\"Telejornalismo\"}]},{\"@type\":\"WebSite\",\"@id\":\"http:\/\/jornalismo.ufsj.edu.br\/site\/#website\",\"url\":\"http:\/\/jornalismo.ufsj.edu.br\/site\/\",\"name\":\"Jornalismo UFSJ\",\"description\":\"\",\"potentialAction\":[{\"@type\":\"SearchAction\",\"target\":{\"@type\":\"EntryPoint\",\"urlTemplate\":\"http:\/\/jornalismo.ufsj.edu.br\/site\/?s={search_term_string}\"},\"query-input\":\"required name=search_term_string\"}],\"inLanguage\":\"pt-BR\"}]}<\/script>\n<!-- \/ Yoast SEO plugin. -->","yoast_head_json":{"title":"Telejornalismo - Jornalismo UFSJ","robots":{"index":"index","follow":"follow","max-snippet":"max-snippet:-1","max-image-preview":"max-image-preview:large","max-video-preview":"max-video-preview:-1"},"canonical":"http:\/\/jornalismo.ufsj.edu.br\/site\/telejornalismo\/","og_locale":"pt_BR","og_type":"article","og_title":"Telejornalismo - Jornalismo UFSJ","og_description":"O Laborat\u00f3rio de Telejornalismo \u00e9 destinado a oferecer condi\u00e7\u00f5es para o ensino e a aprendizagem das t\u00e9cnicas de produ\u00e7\u00e3o de v\u00eddeo para o Curso de Comunica\u00e7\u00e3o Social &#8211; Jornalismo. Este laborat\u00f3rio \u00e9 gerenciado pela Coordenadoria do Curso e est\u00e1 habilitado...","og_url":"http:\/\/jornalismo.ufsj.edu.br\/site\/telejornalismo\/","og_site_name":"Jornalismo UFSJ","article_publisher":"https:\/\/www.facebook.com\/jornalismoufsj\/","article_modified_time":"2018-10-15T03:53:09+00:00","og_image":[{"url":"http:\/\/jornalismo.ufsj.edu.br\/wp-content\/uploads\/2015\/08\/lab-tv.jpg"}],"twitter_card":"summary_large_image","twitter_site":"@jornalismoufsj","twitter_misc":{"Est. tempo de leitura":"1 minuto"},"schema":{"@context":"https:\/\/schema.org","@graph":[{"@type":"WebPage","@id":"http:\/\/jornalismo.ufsj.edu.br\/site\/telejornalismo\/","url":"http:\/\/jornalismo.ufsj.edu.br\/site\/telejornalismo\/","name":"Telejornalismo - Jornalismo UFSJ","isPartOf":{"@id":"http:\/\/jornalismo.ufsj.edu.br\/site\/#website"},"datePublished":"2015-08-13T06:33:39+00:00","dateModified":"2018-10-15T03:53:09+00:00","breadcrumb":{"@id":"http:\/\/jornalismo.ufsj.edu.br\/site\/telejornalismo\/#breadcrumb"},"inLanguage":"pt-BR","potentialAction":[{"@type":"ReadAction","target":["http:\/\/jornalismo.ufsj.edu.br\/site\/telejornalismo\/"]}]},{"@type":"BreadcrumbList","@id":"http:\/\/jornalismo.ufsj.edu.br\/site\/telejornalismo\/#breadcrumb","itemListElement":[{"@type":"ListItem","position":1,"name":"In\u00edcio","item":"http:\/\/jornalismo.ufsj.edu.br\/site\/"},{"@type":"ListItem","position":2,"name":"Telejornalismo"}]},{"@type":"WebSite","@id":"http:\/\/jornalismo.ufsj.edu.br\/site\/#website","url":"http:\/\/jornalismo.ufsj.edu.br\/site\/","name":"Jornalismo UFSJ","description":"","potentialAction":[{"@type":"SearchAction","target":{"@type":"EntryPoint","urlTemplate":"http:\/\/jornalismo.ufsj.edu.br\/site\/?s={search_term_string}"},"query-input":"required name=search_term_string"}],"inLanguage":"pt-BR"}]}},"_links":{"self":[{"href":"http:\/\/jornalismo.ufsj.edu.br\/site\/wp-json\/wp\/v2\/pages\/754"}],"collection":[{"href":"http:\/\/jornalismo.ufsj.edu.br\/site\/wp-json\/wp\/v2\/pages"}],"about":[{"href":"http:\/\/jornalismo.ufsj.edu.br\/site\/wp-json\/wp\/v2\/types\/page"}],"author":[{"embeddable":true,"href":"http:\/\/jornalismo.ufsj.edu.br\/site\/wp-json\/wp\/v2\/users\/3"}],"replies":[{"embeddable":true,"href":"http:\/\/jornalismo.ufsj.edu.br\/site\/wp-json\/wp\/v2\/comments?post=754"}],"version-history":[{"count":1,"href":"http:\/\/jornalismo.ufsj.edu.br\/site\/wp-json\/wp\/v2\/pages\/754\/revisions"}],"predecessor-version":[{"id":6415,"href":"http:\/\/jornalismo.ufsj.edu.br\/site\/wp-json\/wp\/v2\/pages\/754\/revisions\/6415"}],"wp:attachment":[{"href":"http:\/\/jornalismo.ufsj.edu.br\/site\/wp-json\/wp\/v2\/media?parent=754"}],"curies":[{"name":"wp","href":"https:\/\/api.w.org\/{rel}","templated":true}]}}

<p><img loading="lazy" class="alignnone size-full wp-image-4489" src="http://jornalismo.ufsj.edu.br/wp-content/uploads/2015/08/lab-tv.jpg" alt="Lab TV" width="2048" height="1052" /></p>
<p style="text-align: justify;">O Laboratório de Telejornalismo é destinado a oferecer condições para o ensino e a aprendizagem das técnicas de produção de vídeo para o Curso de Comunicação Social &#8211; Jornalismo. Este laboratório é gerenciado pela Coordenadoria do Curso e está habilitado para os seguintes serviços técnicos: captação de material audiovisual (imagens e sons) com equipamento digital em locação interna (estúdio); edição de audiovisual em ilha digital; montagem de estruturas de iluminação para vídeo em estúdio; duplicação e decupagem (em unidade própria) de material audiovisual.<br />
<strong><br />
</strong> <strong>Local</strong>: sala 2.24 RE – Campus CTAN/UFSJ</p>
<p style="text-align: justify;"><strong>Horário de atendimento externo</strong>: Segunda à Sexta, de 14h às 19h.<br />
<strong>Técnico Responsável: </strong>Paulo Sergio Teixeira Rodrigues<br />
<strong>Email: </strong>pst885@ufsj.edu.br</p>
<p style="text-align: justify;">As solicitações para uso de equipamentos portáteis do Laboratório Multimídia devem ser feitas através de <strong><a href="https://docs.google.com/document/d/1qdg8wy5klNuVBXd1vrEMZEHECb34McXpKtQVxldvT1s/edit?usp=sharing">Termo de Empréstimo</a></strong>, que deve ser assinado pelo professor orientador da atividade. Ao retornar o equipamento, deve ser preenchido o <strong><a href="https://docs.google.com/document/d/1tMuKFav0oA3kkLdIfyuTNWsSh10PupyanDUg3_-F0C8/edit?usp=sharing">Termo de Devolução</a></strong>. Para mais informações sobre empréstimo de equipamentos, normas de uso e técnicas, acesse o <strong><a href="https://docs.google.com/document/d/1Qe4ibLL9le-2m6YoSDm4n7fC8UvnIEj0bCVwGUvXEcs/edit?usp=sharing">Regulamento do Laboratório e Estúdio de TV</a></strong> e o <strong><a href="https://docs.google.com/document/d/1Bf2r-QWywhBYpn-KDjTUidjNkHL4gEvNlAIDd97Rb5U/edit?usp=sharing">Regulamento Geral dos Laboratórios</a></strong> do curso de Comunicação Social &#8211; Jornalismo.</p>

<p>O Laboratório de Telejornalismo é destinado a oferecer condições para o ensino e a aprendizagem das técnicas de produção de vídeo para o Curso de Comunicação Social &#8211; Jornalismo. Este laboratório é gerenciado pela Coordenadoria do Curso e está habilitado&#8230;</p>

<!-- This site is optimized with the Yoast SEO plugin v20.6 - https://yoast.com/wordpress/plugins/seo/ -->
<title>Telejornalismo - Jornalismo UFSJ</title>
<meta name="robots" content="index, follow, max-snippet:-1, max-image-preview:large, max-video-preview:-1" />
<link rel="canonical" href="http://jornalismo.ufsj.edu.br/site/telejornalismo/" />
<meta property="og:locale" content="pt_BR" />
<meta property="og:type" content="article" />
<meta property="og:title" content="Telejornalismo - Jornalismo UFSJ" />
<meta property="og:description" content="O Laboratório de Telejornalismo é destinado a oferecer condições para o ensino e a aprendizagem das técnicas de produção de vídeo para o Curso de Comunicação Social &#8211; Jornalismo. Este laboratório é gerenciado pela Coordenadoria do Curso e está habilitado..." />
<meta property="og:url" content="http://jornalismo.ufsj.edu.br/site/telejornalismo/" />
<meta property="og:site_name" content="Jornalismo UFSJ" />
<meta property="article:publisher" content="https://www.facebook.com/jornalismoufsj/" />
<meta property="article:modified_time" content="2018-10-15T03:53:09+00:00" />
<meta property="og:image" content="http://jornalismo.ufsj.edu.br/wp-content/uploads/2015/08/lab-tv.jpg" />
<meta name="twitter:card" content="summary_large_image" />
<meta name="twitter:site" content="@jornalismoufsj" />
<meta name="twitter:label1" content="Est. tempo de leitura" />
	<meta name="twitter:data1" content="1 minuto" />
<script type="application/ld+json" class="yoast-schema-graph">{"@context":"https://schema.org","@graph":[{"@type":"WebPage","@id":"http://jornalismo.ufsj.edu.br/site/telejornalismo/","url":"http://jornalismo.ufsj.edu.br/site/telejornalismo/","name":"Telejornalismo - Jornalismo UFSJ","isPartOf":{"@id":"http://jornalismo.ufsj.edu.br/site/#website"},"datePublished":"2015-08-13T06:33:39+00:00","dateModified":"2018-10-15T03:53:09+00:00","breadcrumb":{"@id":"http://jornalismo.ufsj.edu.br/site/telejornalismo/#breadcrumb"},"inLanguage":"pt-BR","potentialAction":[{"@type":"ReadAction","target":["http://jornalismo.ufsj.edu.br/site/telejornalismo/"]}]},{"@type":"BreadcrumbList","@id":"http://jornalismo.ufsj.edu.br/site/telejornalismo/#breadcrumb","itemListElement":[{"@type":"ListItem","position":1,"name":"Início","item":"http://jornalismo.ufsj.edu.br/site/"},{"@type":"ListItem","position":2,"name":"Telejornalismo"}]},{"@type":"WebSite","@id":"http://jornalismo.ufsj.edu.br/site/#website","url":"http://jornalismo.ufsj.edu.br/site/","name":"Jornalismo UFSJ","description":"","potentialAction":[{"@type":"SearchAction","target":{"@type":"EntryPoint","urlTemplate":"http://jornalismo.ufsj.edu.br/site/?s={search_term_string}"},"query-input":"required name=search_term_string"}],"inLanguage":"pt-BR"}]}</script>
<!-- / Yoast SEO plugin. -->

O Laboratório de Telejornalismo é destinado a oferecer condições para o ensino e a aprendizagem das técnicas de produção de vídeo para o Curso de Comunicação Social &#8211; Jornalismo. Este laboratório é gerenciado pela Coordenadoria do Curso e está habilitado...

Início
