{"id":6086,"date":"2017-06-03T18:36:57","date_gmt":"2017-06-03T21:36:57","guid":{"rendered":"http:\/\/jornalismo.ufsj.edu.br\/?page_id=6086"},"modified":"2017-06-03T19:24:28","modified_gmt":"2017-06-03T22:24:28","slug":"voz-do-morro","status":"publish","type":"page","link":"http:\/\/jornalismo.ufsj.edu.br\/site\/voz-do-morro\/","title":{"rendered":"Voz do Morro"},"content":{"rendered":"<p><img loading=\"lazy\" class=\"aligncenter size-full wp-image-6109\" src=\"http:\/\/jornalismo.ufsj.edu.br\/wp-content\/uploads\/2017\/06\/LOGO-6.jpg\" alt=\"\" width=\"6496\" height=\"945\" srcset=\"http:\/\/jornalismo.ufsj.edu.br\/site\/wp-content\/uploads\/2017\/06\/LOGO-6.jpg 6496w, http:\/\/jornalismo.ufsj.edu.br\/site\/wp-content\/uploads\/2017\/06\/LOGO-6-300x44.jpg 300w, http:\/\/jornalismo.ufsj.edu.br\/site\/wp-content\/uploads\/2017\/06\/LOGO-6-768x112.jpg 768w, http:\/\/jornalismo.ufsj.edu.br\/site\/wp-content\/uploads\/2017\/06\/LOGO-6-1024x149.jpg 1024w\" sizes=\"(max-width: 6496px) 100vw, 6496px\" \/><\/p>\n<p>O <a href=\"https:\/\/www.facebook.com\/muralvozdomorro\/\">Jornal Voz do Morro<\/a> tem como objetivo o desenvolvimento de diversas t\u00e9cnicas jornal\u00edsticas, mantendo o enfoque de atua\u00e7\u00e3o em dar voz \u00e0queles que n\u00e3o a possuem, tanto no territ\u00f3rio s\u00e3o-joanense, quanto no territ\u00f3rio regional. Trabalhando em escolas e nos bairros Alto das Merc\u00eas, S\u00e3o Dimas e S\u00e3o Geraldo, o projeto tem como \u00eanfase a cria\u00e7\u00e3o de not\u00edcias, ensaios fotogr\u00e1ficos, e produ\u00e7\u00e3o de audiovisuais, sempre valorizando pautas relacionadas \u00e0 cultura local e a viv\u00eancia dos moradores.<\/p>\n<p>O produto foi criado em novembro de 2015 como produto final da disciplina \u201cPlanejamento Visual Gr\u00e1fico\u201d, do curso de Comunica\u00e7\u00e3o Social \u2013 Jornalismo. O desenvolvimento do projeto perpassou pela cria\u00e7\u00e3o de um jornal mural, em que as produ\u00e7\u00f5es que fizeram parte do jornal foram exclusivamente sobre diversas tem\u00e1ticas dos bairros S\u00e3o Dimas, S\u00e3o Geraldo e Ara\u00e7\u00e1.<\/p>\n<p><img loading=\"lazy\" class=\"aligncenter wp-image-6107\" src=\"http:\/\/jornalismo.ufsj.edu.br\/wp-content\/uploads\/2017\/06\/Mudemos.jpg\" alt=\"\" width=\"707\" height=\"471\" srcset=\"http:\/\/jornalismo.ufsj.edu.br\/site\/wp-content\/uploads\/2017\/06\/Mudemos.jpg 960w, http:\/\/jornalismo.ufsj.edu.br\/site\/wp-content\/uploads\/2017\/06\/Mudemos-300x200.jpg 300w, http:\/\/jornalismo.ufsj.edu.br\/site\/wp-content\/uploads\/2017\/06\/Mudemos-768x512.jpg 768w\" sizes=\"(max-width: 707px) 100vw, 707px\" \/><br \/>\nTendo ci\u00eancia das problem\u00e1ticas de comunica\u00e7\u00e3o encontradas nos bairros de atua\u00e7\u00e3o, o projeto tem como objetivo geral o trabalho de m\u00eddia alternativa (por meio de jornal mural e m\u00eddias sociais), colocando em pauta assuntos comunit\u00e1rios diversificados para que tem\u00e1ticas e eventos que geralmente n\u00e3o possuem espa\u00e7o na m\u00eddia tradicional, possam ser vistos atrav\u00e9s de coberturas jornal\u00edsticas.<\/p>\n<p><img loading=\"lazy\" class=\"aligncenter size-full wp-image-6108\" src=\"http:\/\/jornalismo.ufsj.edu.br\/wp-content\/uploads\/2017\/06\/18554127_1498336776907530_662597933_o.jpg\" alt=\"\" width=\"731\" height=\"717\" srcset=\"http:\/\/jornalismo.ufsj.edu.br\/site\/wp-content\/uploads\/2017\/06\/18554127_1498336776907530_662597933_o.jpg 731w, http:\/\/jornalismo.ufsj.edu.br\/site\/wp-content\/uploads\/2017\/06\/18554127_1498336776907530_662597933_o-300x294.jpg 300w\" sizes=\"(max-width: 731px) 100vw, 731px\" \/><\/p>\n<p>Na educa\u00e7\u00e3o b\u00e1sica, a proposta \u00e9 levar para os alunos das escolas a serem trabalhadas oficinas e atividades que possam impactar na forma\u00e7\u00e3o das crian\u00e7as e dos adolescentes, e que fortale\u00e7a o senso cr\u00edtico em torno da nossa ind\u00fastria de m\u00eddia.<\/p>\n<p>Na \u00e1rea cultural, o jornal ir\u00e1 trabalhar, principalmente, com temas relacionados a esporte, lazer e m\u00fasica. Trabalho que se fundamentar\u00e1 em coberturas fotogr\u00e1ficas e jornal\u00edsticas.<\/p>\n<blockquote>\n<h6 style=\"text-align: center;\">Esse texto foi escrito pelo bolsista do projeto, Alisson Santos.<\/h6>\n<\/blockquote>\n","protected":false},"excerpt":{"rendered":"<p>O Jornal Voz do Morro tem como objetivo o desenvolvimento de diversas t\u00e9cnicas jornal\u00edsticas, mantendo o enfoque de atua\u00e7\u00e3o em dar voz \u00e0queles que n\u00e3o a possuem, tanto no territ\u00f3rio s\u00e3o-joanense, quanto no territ\u00f3rio regional. Trabalhando em escolas e nos&#8230;<\/p>\n","protected":false},"author":3,"featured_media":0,"parent":0,"menu_order":0,"comment_status":"closed","ping_status":"closed","template":"","meta":{"_monsterinsights_skip_tracking":false,"_monsterinsights_sitenote_active":false,"_monsterinsights_sitenote_note":"","_monsterinsights_sitenote_category":0},"yoast_head":"<!-- This site is optimized with the Yoast SEO plugin v20.6 - https:\/\/yoast.com\/wordpress\/plugins\/seo\/ -->\n<title>Voz do Morro - Jornalismo UFSJ<\/title>\n<meta name=\"robots\" content=\"index, follow, max-snippet:-1, max-image-preview:large, max-video-preview:-1\" \/>\n<link rel=\"canonical\" href=\"http:\/\/jornalismo.ufsj.edu.br\/site\/voz-do-morro\/\" \/>\n<meta property=\"og:locale\" content=\"pt_BR\" \/>\n<meta property=\"og:type\" content=\"article\" \/>\n<meta property=\"og:title\" content=\"Voz do Morro - Jornalismo UFSJ\" \/>\n<meta property=\"og:description\" content=\"O Jornal Voz do Morro tem como objetivo o desenvolvimento de diversas t\u00e9cnicas jornal\u00edsticas, mantendo o enfoque de atua\u00e7\u00e3o em dar voz \u00e0queles que n\u00e3o a possuem, tanto no territ\u00f3rio s\u00e3o-joanense, quanto no territ\u00f3rio regional. Trabalhando em escolas e nos...\" \/>\n<meta property=\"og:url\" content=\"http:\/\/jornalismo.ufsj.edu.br\/site\/voz-do-morro\/\" \/>\n<meta property=\"og:site_name\" content=\"Jornalismo UFSJ\" \/>\n<meta property=\"article:publisher\" content=\"https:\/\/www.facebook.com\/jornalismoufsj\/\" \/>\n<meta property=\"article:modified_time\" content=\"2017-06-03T22:24:28+00:00\" \/>\n<meta property=\"og:image\" content=\"http:\/\/jornalismo.ufsj.edu.br\/wp-content\/uploads\/2017\/06\/LOGO-6.jpg\" \/>\n<meta name=\"twitter:card\" content=\"summary_large_image\" \/>\n<meta name=\"twitter:site\" content=\"@jornalismoufsj\" \/>\n<meta name=\"twitter:label1\" content=\"Est. tempo de leitura\" \/>\n\t<meta name=\"twitter:data1\" content=\"2 minutos\" \/>\n<script type=\"application\/ld+json\" class=\"yoast-schema-graph\">{\"@context\":\"https:\/\/schema.org\",\"@graph\":[{\"@type\":\"WebPage\",\"@id\":\"http:\/\/jornalismo.ufsj.edu.br\/site\/voz-do-morro\/\",\"url\":\"http:\/\/jornalismo.ufsj.edu.br\/site\/voz-do-morro\/\",\"name\":\"Voz do Morro - Jornalismo UFSJ\",\"isPartOf\":{\"@id\":\"http:\/\/jornalismo.ufsj.edu.br\/site\/#website\"},\"datePublished\":\"2017-06-03T21:36:57+00:00\",\"dateModified\":\"2017-06-03T22:24:28+00:00\",\"breadcrumb\":{\"@id\":\"http:\/\/jornalismo.ufsj.edu.br\/site\/voz-do-morro\/#breadcrumb\"},\"inLanguage\":\"pt-BR\",\"potentialAction\":[{\"@type\":\"ReadAction\",\"target\":[\"http:\/\/jornalismo.ufsj.edu.br\/site\/voz-do-morro\/\"]}]},{\"@type\":\"BreadcrumbList\",\"@id\":\"http:\/\/jornalismo.ufsj.edu.br\/site\/voz-do-morro\/#breadcrumb\",\"itemListElement\":[{\"@type\":\"ListItem\",\"position\":1,\"name\":\"In\u00edcio\",\"item\":\"http:\/\/jornalismo.ufsj.edu.br\/site\/\"},{\"@type\":\"ListItem\",\"position\":2,\"name\":\"Voz do Morro\"}]},{\"@type\":\"WebSite\",\"@id\":\"http:\/\/jornalismo.ufsj.edu.br\/site\/#website\",\"url\":\"http:\/\/jornalismo.ufsj.edu.br\/site\/\",\"name\":\"Jornalismo UFSJ\",\"description\":\"\",\"potentialAction\":[{\"@type\":\"SearchAction\",\"target\":{\"@type\":\"EntryPoint\",\"urlTemplate\":\"http:\/\/jornalismo.ufsj.edu.br\/site\/?s={search_term_string}\"},\"query-input\":\"required name=search_term_string\"}],\"inLanguage\":\"pt-BR\"}]}<\/script>\n<!-- \/ Yoast SEO plugin. -->","yoast_head_json":{"title":"Voz do Morro - Jornalismo UFSJ","robots":{"index":"index","follow":"follow","max-snippet":"max-snippet:-1","max-image-preview":"max-image-preview:large","max-video-preview":"max-video-preview:-1"},"canonical":"http:\/\/jornalismo.ufsj.edu.br\/site\/voz-do-morro\/","og_locale":"pt_BR","og_type":"article","og_title":"Voz do Morro - Jornalismo UFSJ","og_description":"O Jornal Voz do Morro tem como objetivo o desenvolvimento de diversas t\u00e9cnicas jornal\u00edsticas, mantendo o enfoque de atua\u00e7\u00e3o em dar voz \u00e0queles que n\u00e3o a possuem, tanto no territ\u00f3rio s\u00e3o-joanense, quanto no territ\u00f3rio regional. Trabalhando em escolas e nos...","og_url":"http:\/\/jornalismo.ufsj.edu.br\/site\/voz-do-morro\/","og_site_name":"Jornalismo UFSJ","article_publisher":"https:\/\/www.facebook.com\/jornalismoufsj\/","article_modified_time":"2017-06-03T22:24:28+00:00","og_image":[{"url":"http:\/\/jornalismo.ufsj.edu.br\/wp-content\/uploads\/2017\/06\/LOGO-6.jpg"}],"twitter_card":"summary_large_image","twitter_site":"@jornalismoufsj","twitter_misc":{"Est. tempo de leitura":"2 minutos"},"schema":{"@context":"https:\/\/schema.org","@graph":[{"@type":"WebPage","@id":"http:\/\/jornalismo.ufsj.edu.br\/site\/voz-do-morro\/","url":"http:\/\/jornalismo.ufsj.edu.br\/site\/voz-do-morro\/","name":"Voz do Morro - Jornalismo UFSJ","isPartOf":{"@id":"http:\/\/jornalismo.ufsj.edu.br\/site\/#website"},"datePublished":"2017-06-03T21:36:57+00:00","dateModified":"2017-06-03T22:24:28+00:00","breadcrumb":{"@id":"http:\/\/jornalismo.ufsj.edu.br\/site\/voz-do-morro\/#breadcrumb"},"inLanguage":"pt-BR","potentialAction":[{"@type":"ReadAction","target":["http:\/\/jornalismo.ufsj.edu.br\/site\/voz-do-morro\/"]}]},{"@type":"BreadcrumbList","@id":"http:\/\/jornalismo.ufsj.edu.br\/site\/voz-do-morro\/#breadcrumb","itemListElement":[{"@type":"ListItem","position":1,"name":"In\u00edcio","item":"http:\/\/jornalismo.ufsj.edu.br\/site\/"},{"@type":"ListItem","position":2,"name":"Voz do Morro"}]},{"@type":"WebSite","@id":"http:\/\/jornalismo.ufsj.edu.br\/site\/#website","url":"http:\/\/jornalismo.ufsj.edu.br\/site\/","name":"Jornalismo UFSJ","description":"","potentialAction":[{"@type":"SearchAction","target":{"@type":"EntryPoint","urlTemplate":"http:\/\/jornalismo.ufsj.edu.br\/site\/?s={search_term_string}"},"query-input":"required name=search_term_string"}],"inLanguage":"pt-BR"}]}},"_links":{"self":[{"href":"http:\/\/jornalismo.ufsj.edu.br\/site\/wp-json\/wp\/v2\/pages\/6086"}],"collection":[{"href":"http:\/\/jornalismo.ufsj.edu.br\/site\/wp-json\/wp\/v2\/pages"}],"about":[{"href":"http:\/\/jornalismo.ufsj.edu.br\/site\/wp-json\/wp\/v2\/types\/page"}],"author":[{"embeddable":true,"href":"http:\/\/jornalismo.ufsj.edu.br\/site\/wp-json\/wp\/v2\/users\/3"}],"replies":[{"embeddable":true,"href":"http:\/\/jornalismo.ufsj.edu.br\/site\/wp-json\/wp\/v2\/comments?post=6086"}],"version-history":[{"count":4,"href":"http:\/\/jornalismo.ufsj.edu.br\/site\/wp-json\/wp\/v2\/pages\/6086\/revisions"}],"predecessor-version":[{"id":6111,"href":"http:\/\/jornalismo.ufsj.edu.br\/site\/wp-json\/wp\/v2\/pages\/6086\/revisions\/6111"}],"wp:attachment":[{"href":"http:\/\/jornalismo.ufsj.edu.br\/site\/wp-json\/wp\/v2\/media?parent=6086"}],"curies":[{"name":"wp","href":"https:\/\/api.w.org\/{rel}","templated":true}]}}

<p><img loading="lazy" class="aligncenter size-full wp-image-6109" src="http://jornalismo.ufsj.edu.br/wp-content/uploads/2017/06/LOGO-6.jpg" alt="" width="6496" height="945" srcset="http://jornalismo.ufsj.edu.br/site/wp-content/uploads/2017/06/LOGO-6.jpg 6496w, http://jornalismo.ufsj.edu.br/site/wp-content/uploads/2017/06/LOGO-6-300x44.jpg 300w, http://jornalismo.ufsj.edu.br/site/wp-content/uploads/2017/06/LOGO-6-768x112.jpg 768w, http://jornalismo.ufsj.edu.br/site/wp-content/uploads/2017/06/LOGO-6-1024x149.jpg 1024w" sizes="(max-width: 6496px) 100vw, 6496px" /></p>
<p>O <a href="https://www.facebook.com/muralvozdomorro/">Jornal Voz do Morro</a> tem como objetivo o desenvolvimento de diversas técnicas jornalísticas, mantendo o enfoque de atuação em dar voz àqueles que não a possuem, tanto no território são-joanense, quanto no território regional. Trabalhando em escolas e nos bairros Alto das Mercês, São Dimas e São Geraldo, o projeto tem como ênfase a criação de notícias, ensaios fotográficos, e produção de audiovisuais, sempre valorizando pautas relacionadas à cultura local e a vivência dos moradores.</p>
<p>O produto foi criado em novembro de 2015 como produto final da disciplina “Planejamento Visual Gráfico”, do curso de Comunicação Social – Jornalismo. O desenvolvimento do projeto perpassou pela criação de um jornal mural, em que as produções que fizeram parte do jornal foram exclusivamente sobre diversas temáticas dos bairros São Dimas, São Geraldo e Araçá.</p>
<p><img loading="lazy" class="aligncenter wp-image-6107" src="http://jornalismo.ufsj.edu.br/wp-content/uploads/2017/06/Mudemos.jpg" alt="" width="707" height="471" srcset="http://jornalismo.ufsj.edu.br/site/wp-content/uploads/2017/06/Mudemos.jpg 960w, http://jornalismo.ufsj.edu.br/site/wp-content/uploads/2017/06/Mudemos-300x200.jpg 300w, http://jornalismo.ufsj.edu.br/site/wp-content/uploads/2017/06/Mudemos-768x512.jpg 768w" sizes="(max-width: 707px) 100vw, 707px" /><br />
Tendo ciência das problemáticas de comunicação encontradas nos bairros de atuação, o projeto tem como objetivo geral o trabalho de mídia alternativa (por meio de jornal mural e mídias sociais), colocando em pauta assuntos comunitários diversificados para que temáticas e eventos que geralmente não possuem espaço na mídia tradicional, possam ser vistos através de coberturas jornalísticas.</p>
<p><img loading="lazy" class="aligncenter size-full wp-image-6108" src="http://jornalismo.ufsj.edu.br/wp-content/uploads/2017/06/18554127_1498336776907530_662597933_o.jpg" alt="" width="731" height="717" srcset="http://jornalismo.ufsj.edu.br/site/wp-content/uploads/2017/06/18554127_1498336776907530_662597933_o.jpg 731w, http://jornalismo.ufsj.edu.br/site/wp-content/uploads/2017/06/18554127_1498336776907530_662597933_o-300x294.jpg 300w" sizes="(max-width: 731px) 100vw, 731px" /></p>
<p>Na educação básica, a proposta é levar para os alunos das escolas a serem trabalhadas oficinas e atividades que possam impactar na formação das crianças e dos adolescentes, e que fortaleça o senso crítico em torno da nossa indústria de mídia.</p>
<p>Na área cultural, o jornal irá trabalhar, principalmente, com temas relacionados a esporte, lazer e música. Trabalho que se fundamentará em coberturas fotográficas e jornalísticas.</p>
<blockquote>
<h6 style="text-align: center;">Esse texto foi escrito pelo bolsista do projeto, Alisson Santos.</h6>
</blockquote>

<p>O Jornal Voz do Morro tem como objetivo o desenvolvimento de diversas técnicas jornalísticas, mantendo o enfoque de atuação em dar voz àqueles que não a possuem, tanto no território são-joanense, quanto no território regional. Trabalhando em escolas e nos&#8230;</p>

<!-- This site is optimized with the Yoast SEO plugin v20.6 - https://yoast.com/wordpress/plugins/seo/ -->
<title>Voz do Morro - Jornalismo UFSJ</title>
<meta name="robots" content="index, follow, max-snippet:-1, max-image-preview:large, max-video-preview:-1" />
<link rel="canonical" href="http://jornalismo.ufsj.edu.br/site/voz-do-morro/" />
<meta property="og:locale" content="pt_BR" />
<meta property="og:type" content="article" />
<meta property="og:title" content="Voz do Morro - Jornalismo UFSJ" />
<meta property="og:description" content="O Jornal Voz do Morro tem como objetivo o desenvolvimento de diversas técnicas jornalísticas, mantendo o enfoque de atuação em dar voz àqueles que não a possuem, tanto no território são-joanense, quanto no território regional. Trabalhando em escolas e nos..." />
<meta property="og:url" content="http://jornalismo.ufsj.edu.br/site/voz-do-morro/" />
<meta property="og:site_name" content="Jornalismo UFSJ" />
<meta property="article:publisher" content="https://www.facebook.com/jornalismoufsj/" />
<meta property="article:modified_time" content="2017-06-03T22:24:28+00:00" />
<meta property="og:image" content="http://jornalismo.ufsj.edu.br/wp-content/uploads/2017/06/LOGO-6.jpg" />
<meta name="twitter:card" content="summary_large_image" />
<meta name="twitter:site" content="@jornalismoufsj" />
<meta name="twitter:label1" content="Est. tempo de leitura" />
	<meta name="twitter:data1" content="2 minutos" />
<script type="application/ld+json" class="yoast-schema-graph">{"@context":"https://schema.org","@graph":[{"@type":"WebPage","@id":"http://jornalismo.ufsj.edu.br/site/voz-do-morro/","url":"http://jornalismo.ufsj.edu.br/site/voz-do-morro/","name":"Voz do Morro - Jornalismo UFSJ","isPartOf":{"@id":"http://jornalismo.ufsj.edu.br/site/#website"},"datePublished":"2017-06-03T21:36:57+00:00","dateModified":"2017-06-03T22:24:28+00:00","breadcrumb":{"@id":"http://jornalismo.ufsj.edu.br/site/voz-do-morro/#breadcrumb"},"inLanguage":"pt-BR","potentialAction":[{"@type":"ReadAction","target":["http://jornalismo.ufsj.edu.br/site/voz-do-morro/"]}]},{"@type":"BreadcrumbList","@id":"http://jornalismo.ufsj.edu.br/site/voz-do-morro/#breadcrumb","itemListElement":[{"@type":"ListItem","position":1,"name":"Início","item":"http://jornalismo.ufsj.edu.br/site/"},{"@type":"ListItem","position":2,"name":"Voz do Morro"}]},{"@type":"WebSite","@id":"http://jornalismo.ufsj.edu.br/site/#website","url":"http://jornalismo.ufsj.edu.br/site/","name":"Jornalismo UFSJ","description":"","potentialAction":[{"@type":"SearchAction","target":{"@type":"EntryPoint","urlTemplate":"http://jornalismo.ufsj.edu.br/site/?s={search_term_string}"},"query-input":"required name=search_term_string"}],"inLanguage":"pt-BR"}]}</script>
<!-- / Yoast SEO plugin. -->

O Jornal Voz do Morro tem como objetivo o desenvolvimento de diversas técnicas jornalísticas, mantendo o enfoque de atuação em dar voz àqueles que não a possuem, tanto no território são-joanense, quanto no território regional. Trabalhando em escolas e nos...

Início
